{"id":9149,"date":"2024-09-06T07:23:53","date_gmt":"2024-09-06T07:23:53","guid":{"rendered":"https:\/\/2cookinn.com\/?post_type=product&#038;p=9149"},"modified":"2026-04-15T18:29:49","modified_gmt":"2026-04-15T18:29:49","slug":"memento-synth-glass-red","status":"publish","type":"product","link":"https:\/\/2cookinn.com\/pt\/product\/memento-synth-glass-red\/","title":{"rendered":"Copo Memento Synth"},"content":{"rendered":"<div data-elementor-type=\"wp-post\" data-elementor-id=\"9149\" class=\"elementor elementor-9149\">\n\t\t\t\t<div class=\"elementor-element elementor-element-9f33226 e-flex e-con-boxed e-con e-parent\" data-id=\"9f33226\" data-element_type=\"container\" data-e-type=\"container\">\n\t\t\t\t\t<div class=\"e-con-inner\">\n\t\t\t\t<div class=\"elementor-element elementor-element-64d14be9 elementor-widget elementor-widget-text-editor\" data-id=\"64d14be9\" data-element_type=\"widget\" data-e-type=\"widget\" data-widget_type=\"text-editor.default\">\n\t\t\t\t<div class=\"elementor-widget-container\">\n\t\t\t\t\t\t\t\t\t<p><\/p>\n<p><\/p>\n<p><strong>Copo Memento Synth<\/strong><\/p><p><strong style=\"text-align: var(--text-align); color: rgb(124, 212, 209); font-family: var( --e-global-typography-secondary-font-family ), Sans-serif;\">Caracter\u00edsticas principais<\/strong><br><\/p>\n<h3 class=\"wp-block-heading\"><p><\/p>\n<p><\/p><\/h3>\n<p><strong>Material sint\u00e9tico inovador<\/strong>: Oferece uma durabilidade e resist\u00eancia inigual\u00e1veis, adequada para utiliza\u00e7\u00e3o no interior e no exterior.<\/p>\n<h3 class=\"wp-block-heading\"><p><\/p>\n<p><\/p><\/h3>\n<p><strong>Carater\u00edstica ic\u00f3nica da bolha de ar<\/strong>: Acrescenta um toque caprichoso, mantendo o elemento de design \u00fanico dos \u00f3culos Memento Orignale.<\/p>\n<h3 class=\"wp-block-heading\"><p><\/p>\n<p><\/p><\/h3>\n<p><strong>Experi\u00eancia personalizada<\/strong>: Dispon\u00edvel numa gama de cores vibrantes para combinar com qualquer ocasi\u00e3o.<\/p>\n<h3 class=\"wp-block-heading\"><p><\/p>\n<p><\/p><\/h3>\n<p><strong>Seguro para m\u00e1quina de lavar lou\u00e7a<\/strong>: F\u00e1cil de limpar, o que facilita a limpeza ap\u00f3s a recolha.<\/p>\n<h3 class=\"wp-block-heading\"><p><\/p>\n<p><\/p><\/h3>\n<p>&nbsp;<\/p>\n<h3 class=\"wp-block-heading\"><p><\/p>\n<p><\/p><\/h3>\n<h3 class=\"wp-block-heading\" style=\"color: #7cd4d1;\"><strong><strong>Ideal para<\/strong><\/strong><\/h3>\n<h3 class=\"wp-block-heading\"><p><\/p>\n<p><\/p><\/h3>\n<p><strong>Encontros \u00edntimos<\/strong>: Ideal para dar um toque especial \u00e0s pequenas ocasi\u00f5es pessoais ao ar livre.<\/p>\n<h3 class=\"wp-block-heading\"><p><\/p>\n<p><\/p><\/h3>\n<p><strong>Festas animadas<\/strong>: D\u00e1 um toque de estilo e capricho a qualquer evento social.<\/p>\n<h3 class=\"wp-block-heading\"><p><\/p>\n<p><\/p><\/h3>\n<p><strong>Jantar ao ar livre<\/strong>: Suficientemente dur\u00e1vel para piqueniques, churrascos e outros eventos ao ar livre.<\/p>\n<h3 class=\"wp-block-heading\"><p><\/p>\n<p><\/p><\/h3>\n<p><strong>Eventos tem\u00e1ticos<\/strong>: Real\u00e7a as festas tem\u00e1ticas com um toque de cor e um design \u00fanico.<\/p>\n<h3 class=\"wp-block-heading\"><p><\/p>\n<p><\/p><\/h3>\n<p><strong>Utiliza\u00e7\u00e3o quotidiana<\/strong>: Elegante e pr\u00e1tico para refei\u00e7\u00f5es di\u00e1rias e bebidas casuais.<\/p>\n<h3 class=\"wp-block-heading\"><p><\/p>\n<p><\/p><\/h3>\n<p><strong>Presentes<\/strong>: Uma prenda chique e atenciosa para amigos e familiares que apreciam artigos para beber \u00fanicos e com estilo<\/p>\n<h3 class=\"wp-block-heading\"><\/h3>\t\t\t\t\t\t\t\t<\/div>\n\t\t\t\t<\/div>\n\t\t\t\t\t<\/div>\n\t\t\t\t<\/div>\n\t\t\t\t<\/div>","protected":false},"excerpt":{"rendered":"<p><!-- wp:heading {\"level\":3} --><\/p>\n<p><!-- wp:paragraph --><\/p>\n<p><!-- \/wp:heading --><\/p>\n<p><!-- wp:paragraph --><\/p>\n<p>Beba com estilo com o copo MEMENTO SYNTH, que combina o charme cl\u00e1ssico com um toque contempor\u00e2neo. Fabricado num material sint\u00e9tico inovador, oferece uma durabilidade e resist\u00eancia inigual\u00e1veis, tornando-o perfeito para experi\u00eancias de refei\u00e7\u00f5es no interior e no exterior.<\/p>\n<p><!-- \/wp:paragraph --><\/p>\n<p><!-- wp:paragraph --><\/p>\n<p>Com o design ic\u00f3nico de bolhas de ar do seu antecessor, os copos Memento Orignale, acrescenta um toque caprichoso a cada dose. Dispon\u00edvel num espetro de cores vibrantes, o copo MEMENTO SYNTH permite-lhe personalizar a sua experi\u00eancia e elevar qualquer ocasi\u00e3o. Pode ser lavado na m\u00e1quina de lavar lou\u00e7a para uma limpeza f\u00e1cil e garante que cada reuni\u00e3o seja memor\u00e1vel sem stress.<\/p>\n<p><b>Encomende agora para dar um toque de eleg\u00e2ncia vibrante ao seu pr\u00f3ximo evento!<\/b><\/p>\n<p><!-- \/wp:paragraph --><\/p>","protected":false},"featured_media":11640,"comment_status":"open","ping_status":"closed","template":"","meta":{"_themeisle_gutenberg_block_has_review":false},"product_brand":[],"product_cat":[119,116,62,60,117,125,118,61],"product_tag":[],"class_list":{"0":"post-9149","1":"product","2":"type-product","3":"status-publish","4":"has-post-thumbnail","6":"product_cat-balconys","7":"product_cat-children","8":"product_cat-drinking","9":"product_cat-fun","10":"product_cat-garden","11":"product_cat-goblet","12":"product_cat-picnic","13":"product_cat-serving","14":"product_shipping_class-ce-ate-05kg","16":"first","17":"instock","18":"shipping-taxable","19":"purchasable","20":"product-type-variable"},"_links":{"self":[{"href":"https:\/\/2cookinn.com\/pt\/wp-json\/wp\/v2\/product\/9149","targetHints":{"allow":["GET"]}}],"collection":[{"href":"https:\/\/2cookinn.com\/pt\/wp-json\/wp\/v2\/product"}],"about":[{"href":"https:\/\/2cookinn.com\/pt\/wp-json\/wp\/v2\/types\/product"}],"replies":[{"embeddable":true,"href":"https:\/\/2cookinn.com\/pt\/wp-json\/wp\/v2\/comments?post=9149"}],"version-history":[{"count":19,"href":"https:\/\/2cookinn.com\/pt\/wp-json\/wp\/v2\/product\/9149\/revisions"}],"predecessor-version":[{"id":11676,"href":"https:\/\/2cookinn.com\/pt\/wp-json\/wp\/v2\/product\/9149\/revisions\/11676"}],"wp:featuredmedia":[{"embeddable":true,"href":"https:\/\/2cookinn.com\/pt\/wp-json\/wp\/v2\/media\/11640"}],"wp:attachment":[{"href":"https:\/\/2cookinn.com\/pt\/wp-json\/wp\/v2\/media?parent=9149"}],"wp:term":[{"taxonomy":"product_brand","embeddable":true,"href":"https:\/\/2cookinn.com\/pt\/wp-json\/wp\/v2\/product_brand?post=9149"},{"taxonomy":"product_cat","embeddable":true,"href":"https:\/\/2cookinn.com\/pt\/wp-json\/wp\/v2\/product_cat?post=9149"},{"taxonomy":"product_tag","embeddable":true,"href":"https:\/\/2cookinn.com\/pt\/wp-json\/wp\/v2\/product_tag?post=9149"}],"curies":[{"name":"wp","href":"https:\/\/api.w.org\/{rel}","templated":true}]}}

<div data-elementor-type="wp-post" data-elementor-id="9149" class="elementor elementor-9149">
				<div class="elementor-element elementor-element-9f33226 e-flex e-con-boxed e-con e-parent" data-id="9f33226" data-element_type="container" data-e-type="container">
					<div class="e-con-inner">
				<div class="elementor-element elementor-element-64d14be9 elementor-widget elementor-widget-text-editor" data-id="64d14be9" data-element_type="widget" data-e-type="widget" data-widget_type="text-editor.default">
				<div class="elementor-widget-container">
									<p></p>
<p></p>
<p><strong>Copo Memento Synth</strong></p><p><strong style="text-align: var(--text-align); color: rgb(124, 212, 209); font-family: var( --e-global-typography-secondary-font-family ), Sans-serif;">Características principais</strong><br></p>
<h3 class="wp-block-heading"><p></p>
<p></p></h3>
<p><strong>Material sintético inovador</strong>: Oferece uma durabilidade e resistência inigualáveis, adequada para utilização no interior e no exterior.</p>
<h3 class="wp-block-heading"><p></p>
<p></p></h3>
<p><strong>Caraterística icónica da bolha de ar</strong>: Acrescenta um toque caprichoso, mantendo o elemento de design único dos óculos Memento Orignale.</p>
<h3 class="wp-block-heading"><p></p>
<p></p></h3>
<p><strong>Experiência personalizada</strong>: Disponível numa gama de cores vibrantes para combinar com qualquer ocasião.</p>
<h3 class="wp-block-heading"><p></p>
<p></p></h3>
<p><strong>Seguro para máquina de lavar louça</strong>: Fácil de limpar, o que facilita a limpeza após a recolha.</p>
<h3 class="wp-block-heading"><p></p>
<p></p></h3>
<p>&nbsp;</p>
<h3 class="wp-block-heading"><p></p>
<p></p></h3>
<h3 class="wp-block-heading" style="color: #7cd4d1;"><strong><strong>Ideal para</strong></strong></h3>
<h3 class="wp-block-heading"><p></p>
<p></p></h3>
<p><strong>Encontros íntimos</strong>: Ideal para dar um toque especial às pequenas ocasiões pessoais ao ar livre.</p>
<h3 class="wp-block-heading"><p></p>
<p></p></h3>
<p><strong>Festas animadas</strong>: Dá um toque de estilo e capricho a qualquer evento social.</p>
<h3 class="wp-block-heading"><p></p>
<p></p></h3>
<p><strong>Jantar ao ar livre</strong>: Suficientemente durável para piqueniques, churrascos e outros eventos ao ar livre.</p>
<h3 class="wp-block-heading"><p></p>
<p></p></h3>
<p><strong>Eventos temáticos</strong>: Realça as festas temáticas com um toque de cor e um design único.</p>
<h3 class="wp-block-heading"><p></p>
<p></p></h3>
<p><strong>Utilização quotidiana</strong>: Elegante e prático para refeições diárias e bebidas casuais.</p>
<h3 class="wp-block-heading"><p></p>
<p></p></h3>
<p><strong>Presentes</strong>: Uma prenda chique e atenciosa para amigos e familiares que apreciam artigos para beber únicos e com estilo</p>
<h3 class="wp-block-heading"></h3>								</div>
				</div>
					</div>
				</div>
				</div>

<p><!-- wp:heading {"level":3} --></p>
<p><!-- wp:paragraph --></p>
<p><!-- /wp:heading --></p>
<p><!-- wp:paragraph --></p>
<p>Beba com estilo com o copo MEMENTO SYNTH, que combina o charme clássico com um toque contemporâneo. Fabricado num material sintético inovador, oferece uma durabilidade e resistência inigualáveis, tornando-o perfeito para experiências de refeições no interior e no exterior.</p>
<p><!-- /wp:paragraph --></p>
<p><!-- wp:paragraph --></p>
<p>Com o design icónico de bolhas de ar do seu antecessor, os copos Memento Orignale, acrescenta um toque caprichoso a cada dose. Disponível num espetro de cores vibrantes, o copo MEMENTO SYNTH permite-lhe personalizar a sua experiência e elevar qualquer ocasião. Pode ser lavado na máquina de lavar louça para uma limpeza fácil e garante que cada reunião seja memorável sem stress.</p>
<p><b>Encomende agora para dar um toque de elegância vibrante ao seu próximo evento!</b></p>
<p><!-- /wp:paragraph --></p>
