{"id":9276,"date":"2024-09-12T20:47:27","date_gmt":"2024-09-12T20:47:27","guid":{"rendered":"https:\/\/2cookinn.com\/?post_type=product&#038;p=9276"},"modified":"2026-04-15T17:47:07","modified_gmt":"2026-04-15T17:47:07","slug":"memento-originale-glass-yellow-transparent","status":"publish","type":"product","link":"https:\/\/2cookinn.com\/pt\/product\/memento-originale-glass-yellow-transparent\/","title":{"rendered":"Copo de vidro Memento Originale \u00a0"},"content":{"rendered":"<div data-elementor-type=\"wp-post\" data-elementor-id=\"9276\" class=\"elementor elementor-9276\">\n\t\t\t\t<div class=\"elementor-element elementor-element-9f33226 e-flex e-con-boxed e-con e-parent\" data-id=\"9f33226\" data-element_type=\"container\" data-e-type=\"container\">\n\t\t\t\t\t<div class=\"e-con-inner\">\n\t\t\t\t<div class=\"elementor-element elementor-element-64d14be9 elementor-widget elementor-widget-text-editor\" data-id=\"64d14be9\" data-element_type=\"widget\" data-e-type=\"widget\" data-widget_type=\"text-editor.default\">\n\t\t\t\t<div class=\"elementor-widget-container\">\n\t\t\t\t\t\t\t\t\t\n<p><\/p>\n<p><strong>Copo de vidro Memento Originale<\/strong><\/p>\n<h3 class=\"wp-block-heading\"><span style=\"color: #7cd4d1;\"><strong>Caracter\u00edsticas principais<\/strong><\/span><\/h3>\n<h3 class=\"wp-block-heading\"><\/h3>\n<p><b>Feito \u00e0 m\u00e3o:<\/b><span style=\"font-weight: 400;\"> Cada vidro \u00e9 meticulosamente soprado \u00e0 m\u00e3o, garantindo que cada pe\u00e7a \u00e9 uma obra de arte \u00fanica.<\/span><\/p>\n<p><b>Colorido com pasta de vidro:<\/b><span style=\"font-weight: 400;\"> A intensidade original da cor \u00e9 preservada atrav\u00e9s de um processo especial de colora\u00e7\u00e3o com pasta de vidro.<\/span><\/p>\n<p><b>Bolhas inconfund\u00edveis:<\/b><span style=\"font-weight: 400;\"> As pequenas bolhas esf\u00e9ricas distintivas, criadas atrav\u00e9s de um processamento especial de torno, s\u00e3o uma marca registada da Memento.<\/span><\/p>\n<p><b>Recicl\u00e1vel:<\/b><span style=\"font-weight: 400;\"> Fabricado em vidro recicl\u00e1vel, promovendo a sustentabilidade ambiental.<\/span><\/p>\n<p><b>Apto para a m\u00e1quina de lavar lou\u00e7a:<\/b><span style=\"font-weight: 400;\"> Concebida para poder ser lavada na m\u00e1quina de lavar lou\u00e7a para uma limpeza f\u00e1cil.<\/span><\/p>\n<h3 class=\"wp-block-heading\"><\/h3>\n<h3 class=\"wp-block-heading\" style=\"color: #7cd4d1;\"><strong><strong>Ideal para<\/strong><\/strong><\/h3>\n<h3 class=\"wp-block-heading\"><\/h3>\n<p><b>Receber convidados:<\/b><span style=\"font-weight: 400;\"> Perfeito para dar um toque art\u00edstico e colorido a festas e reuni\u00f5es especiais.<\/span><\/p>\n<p><b>Utiliza\u00e7\u00e3o di\u00e1ria:<\/b><span style=\"font-weight: 400;\"> Eleve as experi\u00eancias gastron\u00f3micas quotidianas com artigos de vidro \u00fanicos e artesanais.<\/span><\/p>\n<p><b>Perfeito para Oferta:<\/b><span style=\"font-weight: 400;\"> Uma escolha excecional para aqueles que apreciam presentes distintos e artesanais que se destacam.<\/span><\/p>\n<p><b>Decora\u00e7\u00e3o para a casa:<\/b><span style=\"font-weight: 400;\"> Ideal para aqueles que valorizam o design inovador da casa e a express\u00e3o pessoal atrav\u00e9s de uma decora\u00e7\u00e3o e para receber os convidados com uma mesa \u00fanica.<\/span><\/p>\n<h3 class=\"wp-block-heading\"><\/h3>\t\t\t\t\t\t\t\t<\/div>\n\t\t\t\t<\/div>\n\t\t\t\t\t<\/div>\n\t\t\t\t<\/div>\n\t\t\t\t<\/div>","protected":false},"excerpt":{"rendered":"<p><!-- wp:heading {\"level\":3} --><\/p>\n<p><!-- wp:paragraph --><\/p>\n<h5 class=\"wp-block-heading\"><strong>MEMENTO Originale Copo de Vidro<\/strong><\/h5>\n<p><!-- \/wp:heading --><\/p>\n<p><!-- wp:paragraph --><\/p>\n<h5><span style=\"font-weight: 400;\">Experimente o fasc\u00ednio do artesanato e da criatividade com a cole\u00e7\u00e3o de copos Memento Orignale. Cada copo, com as suas bolhas distintas e cores vibrantes, \u00e9 uma celebra\u00e7\u00e3o da individualidade e da qualidade artesanal, perfeita para dar um toque \u00fanico a qualquer ocasi\u00e3o.<\/span><\/h5>\n<h5><span style=\"font-weight: 400;\">Por isso, v\u00e1 em frente, pegue num copo (ou dois) e brinde \u00e0s mem\u00f3rias com a cole\u00e7\u00e3o de copos Memento Orignale. <\/span><\/h5>\n<h5><strong>Um brinde ao riso, ao amor e a viver a vida com cor!<\/strong><\/h5>\n<p><!-- \/wp:paragraph --><\/p>","protected":false},"featured_media":10867,"comment_status":"open","ping_status":"closed","template":"","meta":{"_themeisle_gutenberg_block_has_review":false},"product_brand":[],"product_cat":[62,60,61],"product_tag":[203,324],"class_list":{"0":"post-9276","1":"product","2":"type-product","3":"status-publish","4":"has-post-thumbnail","6":"product_cat-drinking","7":"product_cat-fun","8":"product_cat-serving","9":"product_tag-christmas","10":"product_tag-natal","11":"product_shipping_class-ce-ate-05kg","13":"first","14":"instock","15":"shipping-taxable","16":"purchasable","17":"product-type-variable"},"_links":{"self":[{"href":"https:\/\/2cookinn.com\/pt\/wp-json\/wp\/v2\/product\/9276","targetHints":{"allow":["GET"]}}],"collection":[{"href":"https:\/\/2cookinn.com\/pt\/wp-json\/wp\/v2\/product"}],"about":[{"href":"https:\/\/2cookinn.com\/pt\/wp-json\/wp\/v2\/types\/product"}],"replies":[{"embeddable":true,"href":"https:\/\/2cookinn.com\/pt\/wp-json\/wp\/v2\/comments?post=9276"}],"version-history":[{"count":9,"href":"https:\/\/2cookinn.com\/pt\/wp-json\/wp\/v2\/product\/9276\/revisions"}],"predecessor-version":[{"id":11095,"href":"https:\/\/2cookinn.com\/pt\/wp-json\/wp\/v2\/product\/9276\/revisions\/11095"}],"wp:featuredmedia":[{"embeddable":true,"href":"https:\/\/2cookinn.com\/pt\/wp-json\/wp\/v2\/media\/10867"}],"wp:attachment":[{"href":"https:\/\/2cookinn.com\/pt\/wp-json\/wp\/v2\/media?parent=9276"}],"wp:term":[{"taxonomy":"product_brand","embeddable":true,"href":"https:\/\/2cookinn.com\/pt\/wp-json\/wp\/v2\/product_brand?post=9276"},{"taxonomy":"product_cat","embeddable":true,"href":"https:\/\/2cookinn.com\/pt\/wp-json\/wp\/v2\/product_cat?post=9276"},{"taxonomy":"product_tag","embeddable":true,"href":"https:\/\/2cookinn.com\/pt\/wp-json\/wp\/v2\/product_tag?post=9276"}],"curies":[{"name":"wp","href":"https:\/\/api.w.org\/{rel}","templated":true}]}}

<div data-elementor-type="wp-post" data-elementor-id="9276" class="elementor elementor-9276">
				<div class="elementor-element elementor-element-9f33226 e-flex e-con-boxed e-con e-parent" data-id="9f33226" data-element_type="container" data-e-type="container">
					<div class="e-con-inner">
				<div class="elementor-element elementor-element-64d14be9 elementor-widget elementor-widget-text-editor" data-id="64d14be9" data-element_type="widget" data-e-type="widget" data-widget_type="text-editor.default">
				<div class="elementor-widget-container">
									
<p></p>
<p><strong>Copo de vidro Memento Originale</strong></p>
<h3 class="wp-block-heading"><span style="color: #7cd4d1;"><strong>Características principais</strong></span></h3>
<h3 class="wp-block-heading"></h3>
<p><b>Feito à mão:</b><span style="font-weight: 400;"> Cada vidro é meticulosamente soprado à mão, garantindo que cada peça é uma obra de arte única.</span></p>
<p><b>Colorido com pasta de vidro:</b><span style="font-weight: 400;"> A intensidade original da cor é preservada através de um processo especial de coloração com pasta de vidro.</span></p>
<p><b>Bolhas inconfundíveis:</b><span style="font-weight: 400;"> As pequenas bolhas esféricas distintivas, criadas através de um processamento especial de torno, são uma marca registada da Memento.</span></p>
<p><b>Reciclável:</b><span style="font-weight: 400;"> Fabricado em vidro reciclável, promovendo a sustentabilidade ambiental.</span></p>
<p><b>Apto para a máquina de lavar louça:</b><span style="font-weight: 400;"> Concebida para poder ser lavada na máquina de lavar louça para uma limpeza fácil.</span></p>
<h3 class="wp-block-heading"></h3>
<h3 class="wp-block-heading" style="color: #7cd4d1;"><strong><strong>Ideal para</strong></strong></h3>
<h3 class="wp-block-heading"></h3>
<p><b>Receber convidados:</b><span style="font-weight: 400;"> Perfeito para dar um toque artístico e colorido a festas e reuniões especiais.</span></p>
<p><b>Utilização diária:</b><span style="font-weight: 400;"> Eleve as experiências gastronómicas quotidianas com artigos de vidro únicos e artesanais.</span></p>
<p><b>Perfeito para Oferta:</b><span style="font-weight: 400;"> Uma escolha excecional para aqueles que apreciam presentes distintos e artesanais que se destacam.</span></p>
<p><b>Decoração para a casa:</b><span style="font-weight: 400;"> Ideal para aqueles que valorizam o design inovador da casa e a expressão pessoal através de uma decoração e para receber os convidados com uma mesa única.</span></p>
<h3 class="wp-block-heading"></h3>								</div>
				</div>
					</div>
				</div>
				</div>

<p><!-- wp:heading {"level":3} --></p>
<p><!-- wp:paragraph --></p>
<h5 class="wp-block-heading"><strong>MEMENTO Originale Copo de Vidro</strong></h5>
<p><!-- /wp:heading --></p>
<p><!-- wp:paragraph --></p>
<h5><span style="font-weight: 400;">Experimente o fascínio do artesanato e da criatividade com a coleção de copos Memento Orignale. Cada copo, com as suas bolhas distintas e cores vibrantes, é uma celebração da individualidade e da qualidade artesanal, perfeita para dar um toque único a qualquer ocasião.</span></h5>
<h5><span style="font-weight: 400;">Por isso, vá em frente, pegue num copo (ou dois) e brinde às memórias com a coleção de copos Memento Orignale. </span></h5>
<h5><strong>Um brinde ao riso, ao amor e a viver a vida com cor!</strong></h5>
<p><!-- /wp:paragraph --></p>
