{"id":9635,"date":"2024-09-20T22:21:54","date_gmt":"2024-09-20T22:21:54","guid":{"rendered":"https:\/\/2cookinn.com\/?post_type=product&#038;p=9635"},"modified":"2024-10-15T21:49:23","modified_gmt":"2024-10-15T21:49:23","slug":"paderno-herb-shears","status":"publish","type":"product","link":"https:\/\/2cookinn.com\/pt\/product\/paderno-herb-shears\/","title":{"rendered":"Tesoura para ervas arom\u00e1ticas PADERNO - 5 l\u00e2minas"},"content":{"rendered":"<div data-elementor-type=\"wp-post\" data-elementor-id=\"9635\" class=\"elementor elementor-9635\">\n\t\t\t\t<div class=\"elementor-element elementor-element-9f33226 e-flex e-con-boxed e-con e-parent\" data-id=\"9f33226\" data-element_type=\"container\" data-e-type=\"container\">\n\t\t\t\t\t<div class=\"e-con-inner\">\n\t\t\t\t<div class=\"elementor-element elementor-element-64d14be9 elementor-widget elementor-widget-text-editor\" data-id=\"64d14be9\" data-element_type=\"widget\" data-e-type=\"widget\" data-widget_type=\"text-editor.default\">\n\t\t\t\t<div class=\"elementor-widget-container\">\n\t\t\t\t\t\t\t\t\t<p><\/p>\n<p><\/p>\n<p><b>Faca de cozinha forjada Paderno 20cm<\/b><\/p>\n<h3 class=\"wp-block-heading\" style=\"color: #7cd4d1;\"><strong>Caracter\u00edsticas principais<\/strong><\/h3>\n<h3 class=\"wp-block-heading\"><\/h3>\n<p><b>Corte vers\u00e1til:<\/b><span style=\"font-weight: 400;\"> Ideal para picar, cortar ou triturar ervas frescas e vegetais de folha verde, bem como para criar guarni\u00e7\u00f5es e cortes em chiffonade.<\/span><\/p>\n<p><b>Pega confort\u00e1vel:<\/b><span style=\"font-weight: 400;\"> Os an\u00e9is de pl\u00e1stico resistentes proporcionam uma ader\u00eancia segura e confort\u00e1vel, garantindo o controlo e a estabilidade durante a utiliza\u00e7\u00e3o.<\/span><\/p>\n<p><b>Limpeza f\u00e1cil:<\/b><span style=\"font-weight: 400;\"> Inclui um pente para limpar as l\u00e2minas, permitindo a remo\u00e7\u00e3o f\u00e1cil de res\u00edduos, mesmo os mais pequenos, garantindo a higiene e prolongando a vida \u00fatil da tesoura.<\/span><\/p>\n<p><b>Constru\u00e7\u00e3o duradoura<\/b><span style=\"font-weight: 400;\"> Features 5 stainless steel blades, each 10 cm long, for durability and long-lasting sharpness.<\/span><\/p>\n<p><b>Apto para a m\u00e1quina de lavar lou\u00e7a:<\/b><span style=\"font-weight: 400;\"> Para maior comodidade, estas tesouras para ervas arom\u00e1ticas podem ser lavadas na m\u00e1quina de lavar lou\u00e7a, facilitando a limpeza ap\u00f3s a utiliza\u00e7\u00e3o.<\/span><\/p>\n<p>\u00a0<\/p>\n<h3 class=\"wp-block-heading\" style=\"color: #7cd4d1;\"><strong>Ideal para<\/strong><\/h3>\n<p><b>Entusiastas da culin\u00e1ria:<\/b><span style=\"font-weight: 400;\"> Perfeito tanto para cozinheiros dom\u00e9sticos como para chefes profissionais, tornando a prepara\u00e7\u00e3o de ervas arom\u00e1ticas f\u00e1cil e agrad\u00e1vel.<\/span><\/p>\n<p><b>Cozinha saud\u00e1vel:<\/b><span style=\"font-weight: 400;\"> Um acess\u00f3rio indispens\u00e1vel para quem gosta de adicionar ervas frescas e saborosas aos seus pratos, real\u00e7ando o sabor e o aroma de cada refei\u00e7\u00e3o.<\/span><\/p>\n<p><b>Cria\u00e7\u00e3o de guarni\u00e7\u00f5es:<\/b><span style=\"font-weight: 400;\"> Ideal para criar belas guarni\u00e7\u00f5es e cortes precisos, dando um toque de eleg\u00e2ncia \u00e0s suas apresenta\u00e7\u00f5es culin\u00e1rias.<\/span><\/p>\n<p>\u00a0<\/p>\n<p class=\"wp-block-heading\"><\/p>\n<h3 class=\"wp-block-heading\"><\/h3>\t\t\t\t\t\t\t\t<\/div>\n\t\t\t\t<\/div>\n\t\t\t\t\t<\/div>\n\t\t\t\t<\/div>\n\t\t\t\t<\/div>","protected":false},"excerpt":{"rendered":"<p><!-- wp:heading {\"level\":3} --><\/p>\n<p><!-- wp:paragraph --><\/p>\n<h5><span style=\"font-weight: 400;\">As tesouras para ervas arom\u00e1ticas Paderno oferecem uma forma pr\u00e1tica e eficiente de picar, cortar ou triturar ervas frescas com precis\u00e3o e facilidade.<\/span><\/h5>\n<h5><strong>Simplifique a prepara\u00e7\u00e3o de ervas arom\u00e1ticas com a tesoura para ervas arom\u00e1ticas Paderno, a ferramenta perfeita para qualquer entusiasta da culin\u00e1ria.<\/strong><\/h5>\n<p><!-- \/wp:paragraph --><\/p>","protected":false},"featured_media":10225,"comment_status":"open","ping_status":"closed","template":"","meta":{"_themeisle_gutenberg_block_has_review":false},"product_brand":[],"product_cat":[59,112,110],"product_tag":[],"class_list":{"0":"post-9635","1":"product","2":"type-product","3":"status-publish","4":"has-post-thumbnail","6":"product_cat-cooking","7":"product_cat-health","8":"product_cat-preparation","9":"product_shipping_class-ce-ate-05kg","11":"first","12":"instock","13":"shipping-taxable","14":"purchasable","15":"product-type-simple"},"_links":{"self":[{"href":"https:\/\/2cookinn.com\/pt\/wp-json\/wp\/v2\/product\/9635","targetHints":{"allow":["GET"]}}],"collection":[{"href":"https:\/\/2cookinn.com\/pt\/wp-json\/wp\/v2\/product"}],"about":[{"href":"https:\/\/2cookinn.com\/pt\/wp-json\/wp\/v2\/types\/product"}],"replies":[{"embeddable":true,"href":"https:\/\/2cookinn.com\/pt\/wp-json\/wp\/v2\/comments?post=9635"}],"version-history":[{"count":8,"href":"https:\/\/2cookinn.com\/pt\/wp-json\/wp\/v2\/product\/9635\/revisions"}],"predecessor-version":[{"id":11388,"href":"https:\/\/2cookinn.com\/pt\/wp-json\/wp\/v2\/product\/9635\/revisions\/11388"}],"wp:featuredmedia":[{"embeddable":true,"href":"https:\/\/2cookinn.com\/pt\/wp-json\/wp\/v2\/media\/10225"}],"wp:attachment":[{"href":"https:\/\/2cookinn.com\/pt\/wp-json\/wp\/v2\/media?parent=9635"}],"wp:term":[{"taxonomy":"product_brand","embeddable":true,"href":"https:\/\/2cookinn.com\/pt\/wp-json\/wp\/v2\/product_brand?post=9635"},{"taxonomy":"product_cat","embeddable":true,"href":"https:\/\/2cookinn.com\/pt\/wp-json\/wp\/v2\/product_cat?post=9635"},{"taxonomy":"product_tag","embeddable":true,"href":"https:\/\/2cookinn.com\/pt\/wp-json\/wp\/v2\/product_tag?post=9635"}],"curies":[{"name":"wp","href":"https:\/\/api.w.org\/{rel}","templated":true}]}}

Tesoura para ervas aromáticas PADERNO - 5 lâminas

<div data-elementor-type="wp-post" data-elementor-id="9635" class="elementor elementor-9635">
				<div class="elementor-element elementor-element-9f33226 e-flex e-con-boxed e-con e-parent" data-id="9f33226" data-element_type="container" data-e-type="container">
					<div class="e-con-inner">
				<div class="elementor-element elementor-element-64d14be9 elementor-widget elementor-widget-text-editor" data-id="64d14be9" data-element_type="widget" data-e-type="widget" data-widget_type="text-editor.default">
				<div class="elementor-widget-container">
									<p></p>
<p></p>
<p><b>Faca de cozinha forjada Paderno 20cm</b></p>
<h3 class="wp-block-heading" style="color: #7cd4d1;"><strong>Características principais</strong></h3>
<h3 class="wp-block-heading"></h3>
<p><b>Corte versátil:</b><span style="font-weight: 400;"> Ideal para picar, cortar ou triturar ervas frescas e vegetais de folha verde, bem como para criar guarnições e cortes em chiffonade.</span></p>
<p><b>Pega confortável:</b><span style="font-weight: 400;"> Os anéis de plástico resistentes proporcionam uma aderência segura e confortável, garantindo o controlo e a estabilidade durante a utilização.</span></p>
<p><b>Limpeza fácil:</b><span style="font-weight: 400;"> Inclui um pente para limpar as lâminas, permitindo a remoção fácil de resíduos, mesmo os mais pequenos, garantindo a higiene e prolongando a vida útil da tesoura.</span></p>
<p><b>Construção duradoura</b><span style="font-weight: 400;"> Features 5 stainless steel blades, each 10 cm long, for durability and long-lasting sharpness.</span></p>
<p><b>Apto para a máquina de lavar louça:</b><span style="font-weight: 400;"> Para maior comodidade, estas tesouras para ervas aromáticas podem ser lavadas na máquina de lavar louça, facilitando a limpeza após a utilização.</span></p>
<p> </p>
<h3 class="wp-block-heading" style="color: #7cd4d1;"><strong>Ideal para</strong></h3>
<p><b>Entusiastas da culinária:</b><span style="font-weight: 400;"> Perfeito tanto para cozinheiros domésticos como para chefes profissionais, tornando a preparação de ervas aromáticas fácil e agradável.</span></p>
<p><b>Cozinha saudável:</b><span style="font-weight: 400;"> Um acessório indispensável para quem gosta de adicionar ervas frescas e saborosas aos seus pratos, realçando o sabor e o aroma de cada refeição.</span></p>
<p><b>Criação de guarnições:</b><span style="font-weight: 400;"> Ideal para criar belas guarnições e cortes precisos, dando um toque de elegância às suas apresentações culinárias.</span></p>
<p> </p>
<p class="wp-block-heading"></p>
<h3 class="wp-block-heading"></h3>								</div>
				</div>
					</div>
				</div>
				</div>

<p><!-- wp:heading {"level":3} --></p>
<p><!-- wp:paragraph --></p>
<h5><span style="font-weight: 400;">As tesouras para ervas aromáticas Paderno oferecem uma forma prática e eficiente de picar, cortar ou triturar ervas frescas com precisão e facilidade.</span></h5>
<h5><strong>Simplifique a preparação de ervas aromáticas com a tesoura para ervas aromáticas Paderno, a ferramenta perfeita para qualquer entusiasta da culinária.</strong></h5>
<p><!-- /wp:paragraph --></p>
