{"id":9742,"date":"2024-09-21T19:49:32","date_gmt":"2024-09-21T19:49:32","guid":{"rendered":"https:\/\/2cookinn.com\/?post_type=product&#038;p=9742"},"modified":"2026-04-11T17:37:47","modified_gmt":"2026-04-11T17:37:47","slug":"alessi-gnam-bread-bin","status":"publish","type":"product","link":"https:\/\/2cookinn.com\/pt\/product\/alessi-gnam-bread-bin\/","title":{"rendered":"Caixa para p\u00e3o \"Gnam\" da Alessi"},"content":{"rendered":"<div data-elementor-type=\"wp-post\" data-elementor-id=\"9742\" class=\"elementor elementor-9742\">\n\t\t\t\t<div class=\"elementor-element elementor-element-9f33226 e-flex e-con-boxed e-con e-parent\" data-id=\"9f33226\" data-element_type=\"container\" data-e-type=\"container\">\n\t\t\t\t\t<div class=\"e-con-inner\">\n\t\t\t\t<div class=\"elementor-element elementor-element-64d14be9 elementor-widget elementor-widget-text-editor\" data-id=\"64d14be9\" data-element_type=\"widget\" data-e-type=\"widget\" data-widget_type=\"text-editor.default\">\n\t\t\t\t<div class=\"elementor-widget-container\">\n\t\t\t\t\t\t\t\t\t<p><\/p>\n<p><\/p>\n<p><b>Caixa para p\u00e3o \"Gnam\" da Alessi<\/b><\/p>\n<h3 class=\"wp-block-heading\" style=\"color: #7cd4d1;\"><strong>Caracter\u00edsticas principais<\/strong><\/h3>\n<h3 class=\"wp-block-heading\"><\/h3>\n<p><b>Design elegante e moderno<\/b><span style=\"font-weight: 400;\">: A forma distinta do seixo e o estilo minimalista fazem dele uma pe\u00e7a de destaque que complementa qualquer decora\u00e7\u00e3o de cozinha.<\/span><\/p>\n<p><b>Constru\u00e7\u00e3o duradoura<\/b><span style=\"font-weight: 400;\">: Fabricado em resina termopl\u00e1stica de alta qualidade, oferece uma durabilidade duradoura e uma superf\u00edcie leve e f\u00e1cil de limpar.<\/span><\/p>\n<p><b>Sliding Vertical Opening<\/b><span style=\"font-weight: 400;\">: O design deslizante inovador permite um acesso f\u00e1cil ao p\u00e3o e aos produtos de pastelaria, mantendo-os frescos e acess\u00edveis.<\/span><\/p>\n<p><b>Solu\u00e7\u00e3o que poupa espa\u00e7o<\/b><span style=\"font-weight: 400;\">: O design compacto adapta-se perfeitamente \u00e0s bancadas, ajudando a manter a sua cozinha organizada sem ocupar muito espa\u00e7o.<\/span><\/p>\n<h3 class=\"wp-block-heading\" style=\"color: #7cd4d1;\"><strong>Ideal para<\/strong><\/h3>\n<p><b>Cozinhas modernas<\/b><span style=\"font-weight: 400;\">: Perfeito para quem aprecia o design contempor\u00e2neo e quer dar um toque de eleg\u00e2ncia \u00e0 decora\u00e7\u00e3o da sua cozinha.<\/span><\/p>\n<p><b>Armazenamento pr\u00e1tico<\/b><span style=\"font-weight: 400;\">: Ideal para manter o p\u00e3o, os bolos e outros produtos de pastelaria frescos e facilmente acess\u00edveis.<\/span><\/p>\n<p><b>Prenda para cozinheiros dom\u00e9sticos<\/b><span style=\"font-weight: 400;\">: Um presente atencioso para quem gosta de acess\u00f3rios de cozinha elegantes e funcionais.<\/span><\/p>\n<p class=\"wp-block-heading\"><\/p>\n<h3 class=\"wp-block-heading\"><\/h3>\t\t\t\t\t\t\t\t<\/div>\n\t\t\t\t<\/div>\n\t\t\t\t\t<\/div>\n\t\t\t\t<\/div>\n\t\t\t\t<\/div>","protected":false},"excerpt":{"rendered":"<h5><span style=\"font-weight: 400;\">Apresentamos o cesto para p\u00e3o Alessi Gnam, uma solu\u00e7\u00e3o de arruma\u00e7\u00e3o elegante concebida para elevar a decora\u00e7\u00e3o da sua cozinha. Com a sua forma elegante de seixo e est\u00e9tica minimalista, esta gaveta para p\u00e3o acrescenta um toque de sofistica\u00e7\u00e3o a qualquer bancada. Fabricada em resina termopl\u00e1stica duradoura, combina um design moderno com uma funcionalidade pr\u00e1tica para manter a sua cozinha elegante e organizada.<\/span><\/h5>\n<h5><span style=\"font-weight: 400;\">Com uma abertura vertical deslizante \u00fanica, o cesto para p\u00e3o Alessi Gnam garante um f\u00e1cil acesso aos seus produtos de pastelaria, mantendo a sua frescura. Perfeita para aqueles que valorizam tanto o estilo como a conveni\u00eancia nos seus utens\u00edlios de cozinha.<\/span><\/h5>\n<h5><strong>Melhore a arruma\u00e7\u00e3o da sua cozinha com o cesto para p\u00e3o Alessi Gnam - onde o design chique encontra a praticidade do dia a dia.<\/strong><\/h5>","protected":false},"featured_media":10312,"comment_status":"open","ping_status":"closed","template":"","meta":{"_themeisle_gutenberg_block_has_review":false},"product_brand":[],"product_cat":[124,60,135],"product_tag":[],"class_list":{"0":"post-9742","1":"product","2":"type-product","3":"status-publish","4":"has-post-thumbnail","6":"product_cat-decoration","7":"product_cat-fun","8":"product_cat-storage","9":"product_shipping_class-ce-ate-2kg","11":"first","12":"instock","13":"shipping-taxable","14":"purchasable","15":"product-type-simple"},"_links":{"self":[{"href":"https:\/\/2cookinn.com\/pt\/wp-json\/wp\/v2\/product\/9742","targetHints":{"allow":["GET"]}}],"collection":[{"href":"https:\/\/2cookinn.com\/pt\/wp-json\/wp\/v2\/product"}],"about":[{"href":"https:\/\/2cookinn.com\/pt\/wp-json\/wp\/v2\/types\/product"}],"replies":[{"embeddable":true,"href":"https:\/\/2cookinn.com\/pt\/wp-json\/wp\/v2\/comments?post=9742"}],"version-history":[{"count":8,"href":"https:\/\/2cookinn.com\/pt\/wp-json\/wp\/v2\/product\/9742\/revisions"}],"predecessor-version":[{"id":12703,"href":"https:\/\/2cookinn.com\/pt\/wp-json\/wp\/v2\/product\/9742\/revisions\/12703"}],"wp:featuredmedia":[{"embeddable":true,"href":"https:\/\/2cookinn.com\/pt\/wp-json\/wp\/v2\/media\/10312"}],"wp:attachment":[{"href":"https:\/\/2cookinn.com\/pt\/wp-json\/wp\/v2\/media?parent=9742"}],"wp:term":[{"taxonomy":"product_brand","embeddable":true,"href":"https:\/\/2cookinn.com\/pt\/wp-json\/wp\/v2\/product_brand?post=9742"},{"taxonomy":"product_cat","embeddable":true,"href":"https:\/\/2cookinn.com\/pt\/wp-json\/wp\/v2\/product_cat?post=9742"},{"taxonomy":"product_tag","embeddable":true,"href":"https:\/\/2cookinn.com\/pt\/wp-json\/wp\/v2\/product_tag?post=9742"}],"curies":[{"name":"wp","href":"https:\/\/api.w.org\/{rel}","templated":true}]}}

Caixa para pão "Gnam" da Alessi

<div data-elementor-type="wp-post" data-elementor-id="9742" class="elementor elementor-9742">
				<div class="elementor-element elementor-element-9f33226 e-flex e-con-boxed e-con e-parent" data-id="9f33226" data-element_type="container" data-e-type="container">
					<div class="e-con-inner">
				<div class="elementor-element elementor-element-64d14be9 elementor-widget elementor-widget-text-editor" data-id="64d14be9" data-element_type="widget" data-e-type="widget" data-widget_type="text-editor.default">
				<div class="elementor-widget-container">
									<p></p>
<p></p>
<p><b>Caixa para pão "Gnam" da Alessi</b></p>
<h3 class="wp-block-heading" style="color: #7cd4d1;"><strong>Características principais</strong></h3>
<h3 class="wp-block-heading"></h3>
<p><b>Design elegante e moderno</b><span style="font-weight: 400;">: A forma distinta do seixo e o estilo minimalista fazem dele uma peça de destaque que complementa qualquer decoração de cozinha.</span></p>
<p><b>Construção duradoura</b><span style="font-weight: 400;">: Fabricado em resina termoplástica de alta qualidade, oferece uma durabilidade duradoura e uma superfície leve e fácil de limpar.</span></p>
<p><b>Sliding Vertical Opening</b><span style="font-weight: 400;">: O design deslizante inovador permite um acesso fácil ao pão e aos produtos de pastelaria, mantendo-os frescos e acessíveis.</span></p>
<p><b>Solução que poupa espaço</b><span style="font-weight: 400;">: O design compacto adapta-se perfeitamente às bancadas, ajudando a manter a sua cozinha organizada sem ocupar muito espaço.</span></p>
<h3 class="wp-block-heading" style="color: #7cd4d1;"><strong>Ideal para</strong></h3>
<p><b>Cozinhas modernas</b><span style="font-weight: 400;">: Perfeito para quem aprecia o design contemporâneo e quer dar um toque de elegância à decoração da sua cozinha.</span></p>
<p><b>Armazenamento prático</b><span style="font-weight: 400;">: Ideal para manter o pão, os bolos e outros produtos de pastelaria frescos e facilmente acessíveis.</span></p>
<p><b>Prenda para cozinheiros domésticos</b><span style="font-weight: 400;">: Um presente atencioso para quem gosta de acessórios de cozinha elegantes e funcionais.</span></p>
<p class="wp-block-heading"></p>
<h3 class="wp-block-heading"></h3>								</div>
				</div>
					</div>
				</div>
				</div>

<h5><span style="font-weight: 400;">Apresentamos o cesto para pão Alessi Gnam, uma solução de arrumação elegante concebida para elevar a decoração da sua cozinha. Com a sua forma elegante de seixo e estética minimalista, esta gaveta para pão acrescenta um toque de sofisticação a qualquer bancada. Fabricada em resina termoplástica duradoura, combina um design moderno com uma funcionalidade prática para manter a sua cozinha elegante e organizada.</span></h5>
<h5><span style="font-weight: 400;">Com uma abertura vertical deslizante única, o cesto para pão Alessi Gnam garante um fácil acesso aos seus produtos de pastelaria, mantendo a sua frescura. Perfeita para aqueles que valorizam tanto o estilo como a conveniência nos seus utensílios de cozinha.</span></h5>
<h5><strong>Melhore a arrumação da sua cozinha com o cesto para pão Alessi Gnam - onde o design chique encontra a praticidade do dia a dia.</strong></h5>
